{"id":18415,"date":"2026-03-12T15:14:21","date_gmt":"2026-03-12T14:14:21","guid":{"rendered":"https:\/\/gumi.hu\/auto-gumi\/?page_id=18415"},"modified":"2026-03-18T11:32:53","modified_gmt":"2026-03-18T10:32:53","slug":"kumho-2026-nyar","status":"publish","type":"page","link":"https:\/\/gumi.hu\/auto-gumi\/kumho-2026-nyar\/","title":{"rendered":"kumho 2026 ny\u00e1r"},"content":{"rendered":"\t\t<div data-elementor-type=\"wp-page\" data-elementor-id=\"18415\" class=\"elementor elementor-18415\">\n\t\t\t\t\t\t<section class=\"elementor-section elementor-top-section elementor-element elementor-element-74a3c4a2 elementor-section-boxed elementor-section-height-default elementor-section-height-default\" data-id=\"74a3c4a2\" data-element_type=\"section\">\n\t\t\t\t\t\t<div class=\"elementor-container elementor-column-gap-default\">\n\t\t\t\t\t<div class=\"elementor-column elementor-col-100 elementor-top-column elementor-element elementor-element-b9c35c7\" data-id=\"b9c35c7\" data-element_type=\"column\">\n\t\t\t<div class=\"elementor-widget-wrap elementor-element-populated\">\n\t\t\t\t\t\t<div class=\"elementor-element elementor-element-75652b84 elementor-widget elementor-widget-html\" data-id=\"75652b84\" data-element_type=\"widget\" data-widget_type=\"html.default\">\n\t\t\t\t<div class=\"elementor-widget-container\">\n\t\t\t\t\t <!-- Google Tag Manager -->\r\n    <script>(function (w, d, s, l, i) {\r\n                w[l] = w[l] || [];\r\n                w[l].push({\r\n                    'gtm.start':\r\n                        new Date().getTime(), event: 'gtm.js'\r\n                });\r\n                var f = d.getElementsByTagName(s)[0],\r\n                    j = d.createElement(s), dl = l != 'dataLayer' ? '&l=' + l : '';\r\n                j.async = true;\r\n                j.src =\r\n                    'https:\/\/www.googletagmanager.com\/gtm.js?id=' + i + dl;\r\n                f.parentNode.insertBefore(j, f);\r\n            })(window, document, 'script', 'dataLayer', 'GTM-5BVBK9T');\r\n    <\/script>\r\n    <!-- End Google Tag Manager -->\r\n\t<!-- Google Tag Manager (noscript) -->\r\n\t<noscript>\r\n\t\t<iframe src=\"https:\/\/www.googletagmanager.com\/ns.html?id=GTM-5BVBK9T\" height=\"0\" width=\"0\" style=\"display:none;visibility:hidden\"><\/iframe>\r\n\t<\/noscript>\r\n\t<!-- End Google Tag Manager (noscript) -->\t\t\t\t<\/div>\n\t\t\t\t<\/div>\n\t\t\t\t\t<\/div>\n\t\t<\/div>\n\t\t\t\t\t<\/div>\n\t\t<\/section>\n\t\t\t\t<section class=\"elementor-section elementor-top-section elementor-element elementor-element-7aa47189 elementor-section-content-middle elementor-section-boxed elementor-section-height-default elementor-section-height-default\" data-id=\"7aa47189\" data-element_type=\"section\" data-settings=\"{&quot;background_background&quot;:&quot;classic&quot;}\">\n\t\t\t\t\t\t<div class=\"elementor-container elementor-column-gap-no\">\n\t\t\t\t\t<div class=\"elementor-column elementor-col-100 elementor-top-column elementor-element elementor-element-5c2c8878\" data-id=\"5c2c8878\" data-element_type=\"column\">\n\t\t\t<div class=\"elementor-widget-wrap elementor-element-populated\">\n\t\t\t\t\t\t<div class=\"elementor-element elementor-element-28afb274 elementor-widget elementor-widget-image\" data-id=\"28afb274\" data-element_type=\"widget\" data-widget_type=\"image.default\">\n\t\t\t\t<div class=\"elementor-widget-container\">\n\t\t\t\t\t\t\t\t\t\t\t\t\t\t\t<img fetchpriority=\"high\" decoding=\"async\" width=\"900\" height=\"338\" src=\"https:\/\/gumi.hu\/auto-gumi\/wp-content\/uploads\/2024\/04\/KUMHO-TIRE_CI_B_auf-rot-1024x385.jpg\" class=\"attachment-large size-large wp-image-13147\" alt=\"\" srcset=\"https:\/\/gumi.hu\/auto-gumi\/wp-content\/uploads\/2024\/04\/KUMHO-TIRE_CI_B_auf-rot-1024x385.jpg 1024w, https:\/\/gumi.hu\/auto-gumi\/wp-content\/uploads\/2024\/04\/KUMHO-TIRE_CI_B_auf-rot-300x113.jpg 300w, https:\/\/gumi.hu\/auto-gumi\/wp-content\/uploads\/2024\/04\/KUMHO-TIRE_CI_B_auf-rot-768x289.jpg 768w, https:\/\/gumi.hu\/auto-gumi\/wp-content\/uploads\/2024\/04\/KUMHO-TIRE_CI_B_auf-rot.jpg 1418w\" sizes=\"(max-width: 900px) 100vw, 900px\" \/>\t\t\t\t\t\t\t\t\t\t\t\t\t\t\t<\/div>\n\t\t\t\t<\/div>\n\t\t\t\t<div class=\"elementor-element elementor-element-6d7710c7 elementor-widget elementor-widget-heading\" data-id=\"6d7710c7\" data-element_type=\"widget\" data-widget_type=\"heading.default\">\n\t\t\t\t<div class=\"elementor-widget-container\">\n\t\t\t\t\t<h4 class=\"elementor-heading-title elementor-size-default\">KUMHO abroncsai mell\u00e9 megadjuk a strandhangulatot!<\/h4>\t\t\t\t<\/div>\n\t\t\t\t<\/div>\n\t\t\t\t\t<\/div>\n\t\t<\/div>\n\t\t\t\t\t<\/div>\n\t\t<\/section>\n\t\t\t\t<section class=\"elementor-section elementor-top-section elementor-element elementor-element-555c2a4c elementor-section-content-middle elementor-section-boxed elementor-section-height-default elementor-section-height-default\" data-id=\"555c2a4c\" data-element_type=\"section\">\n\t\t\t\t\t\t\t<div class=\"elementor-background-overlay\"><\/div>\n\t\t\t\t\t\t\t<div class=\"elementor-container elementor-column-gap-no\">\n\t\t\t\t\t<div class=\"elementor-column elementor-col-100 elementor-top-column elementor-element elementor-element-7d3d25e6\" data-id=\"7d3d25e6\" data-element_type=\"column\">\n\t\t\t<div class=\"elementor-widget-wrap elementor-element-populated\">\n\t\t\t\t\t\t<section class=\"elementor-section elementor-inner-section elementor-element elementor-element-4390c5d9 elementor-section-content-middle elementor-section-boxed elementor-section-height-default elementor-section-height-default\" data-id=\"4390c5d9\" data-element_type=\"section\">\n\t\t\t\t\t\t<div class=\"elementor-container elementor-column-gap-no\">\n\t\t\t\t\t<div class=\"elementor-column elementor-col-100 elementor-inner-column elementor-element elementor-element-2a2d2c54\" data-id=\"2a2d2c54\" data-element_type=\"column\">\n\t\t\t<div class=\"elementor-widget-wrap elementor-element-populated\">\n\t\t\t\t\t\t<div class=\"elementor-element elementor-element-342b7d40 elementor-widget__width-initial elementor-widget elementor-widget-heading\" data-id=\"342b7d40\" data-element_type=\"widget\" data-widget_type=\"heading.default\">\n\t\t\t\t<div class=\"elementor-widget-container\">\n\t\t\t\t\t<h2 class=\"elementor-heading-title elementor-size-default\">V\u00e1s\u00e1roljon <b>4 db ny\u00e1ri vagy n\u00e9gy\u00e9vszakos Kumho abroncsot<\/b> 17 coll vagy nagyobb m\u00e9retben a gumi.hu web\u00e1ruh\u00e1zban. <span data-teams=\"true\">Amennyiben orsz\u00e1gos szervizh\u00e1l\u00f3zatunkban <b>szerel\u00e9si szolg\u00e1ltat\u00e1st<\/b> is v\u00e1laszt \u00faj abroncsai mell\u00e9, meglepj\u00fck egy egyedi Kumho strandt\u00f6r\u00f6lk\u00f6z\u0151vel!<\/span><\/h2>\t\t\t\t<\/div>\n\t\t\t\t<\/div>\n\t\t\t\t<div class=\"elementor-element elementor-element-5849f192 elementor-align-center elementor-widget elementor-widget-button\" data-id=\"5849f192\" data-element_type=\"widget\" data-widget_type=\"button.default\">\n\t\t\t\t<div class=\"elementor-widget-container\">\n\t\t\t\t\t\t\t\t\t<div class=\"elementor-button-wrapper\">\n\t\t\t\t\t<a class=\"elementor-button elementor-button-link elementor-size-sm elementor-animation-pulse\" href=\"https:\/\/gumi.hu\/autogumi\/nyari-gumi\/kumho\" target=\"_blank\">\n\t\t\t\t\t\t<span class=\"elementor-button-content-wrapper\">\n\t\t\t\t\t\t\t\t\t<span class=\"elementor-button-text\">Kumho ny\u00e1ri gumi<\/span>\n\t\t\t\t\t<\/span>\n\t\t\t\t\t<\/a>\n\t\t\t\t<\/div>\n\t\t\t\t\t\t\t\t<\/div>\n\t\t\t\t<\/div>\n\t\t\t\t<div class=\"elementor-element elementor-element-f24adde elementor-align-center elementor-widget elementor-widget-button\" data-id=\"f24adde\" data-element_type=\"widget\" data-widget_type=\"button.default\">\n\t\t\t\t<div class=\"elementor-widget-container\">\n\t\t\t\t\t\t\t\t\t<div class=\"elementor-button-wrapper\">\n\t\t\t\t\t<a class=\"elementor-button elementor-button-link elementor-size-sm elementor-animation-pulse\" href=\"https:\/\/gumi.hu\/autogumi\/negyevszakos\/kumho\" target=\"_blank\">\n\t\t\t\t\t\t<span class=\"elementor-button-content-wrapper\">\n\t\t\t\t\t\t\t\t\t<span class=\"elementor-button-text\">Kumho n\u00e9gy\u00e9vszakos gumi<\/span>\n\t\t\t\t\t<\/span>\n\t\t\t\t\t<\/a>\n\t\t\t\t<\/div>\n\t\t\t\t\t\t\t\t<\/div>\n\t\t\t\t<\/div>\n\t\t\t\t\t<\/div>\n\t\t<\/div>\n\t\t\t\t\t<\/div>\n\t\t<\/section>\n\t\t\t\t<section class=\"elementor-section elementor-inner-section elementor-element elementor-element-70b38dd elementor-section-content-middle elementor-section-boxed elementor-section-height-default elementor-section-height-default\" data-id=\"70b38dd\" data-element_type=\"section\">\n\t\t\t\t\t\t\t<div class=\"elementor-background-overlay\"><\/div>\n\t\t\t\t\t\t\t<div class=\"elementor-container elementor-column-gap-no\">\n\t\t\t\t\t<div class=\"elementor-column elementor-col-50 elementor-inner-column elementor-element elementor-element-65418cb\" data-id=\"65418cb\" data-element_type=\"column\">\n\t\t\t<div class=\"elementor-widget-wrap elementor-element-populated\">\n\t\t\t\t\t\t<div class=\"elementor-element elementor-element-0c6b79b elementor-widget__width-initial elementor-widget elementor-widget-heading\" data-id=\"0c6b79b\" data-element_type=\"widget\" data-widget_type=\"heading.default\">\n\t\t\t\t<div class=\"elementor-widget-container\">\n\t\t\t\t\t<h2 class=\"elementor-heading-title elementor-size-default\">Egy t\u00f6r\u00fclk\u00f6z\u0151. Ezer ny\u00e1ri pillanat.\nAk\u00e1r a strandon, a szabadt\u00e9ri medenc\u00e9n\u00e9l  vagy egy vid\u00e9ki pikniken \u2013 ez az eg\u00e9sz csal\u00e1d sz\u00e1m\u00e1ra k\u00e9sz\u00fclt XXL KUMHO strandt\u00f6r\u00f6lk\u00f6z\u0151<span style=\"font-family: inherit;font-style: inherit\">  ny\u00e1ri kir\u00e1ndul\u00e1sainak \u00e9s kalandjainak k\u00f6zponti elem\u00e9v\u00e9 v\u00e1lhat.<\/span><\/h2>\t\t\t\t<\/div>\n\t\t\t\t<\/div>\n\t\t\t\t\t<\/div>\n\t\t<\/div>\n\t\t\t\t<div class=\"elementor-column elementor-col-50 elementor-inner-column elementor-element elementor-element-19b896d\" data-id=\"19b896d\" data-element_type=\"column\">\n\t\t\t<div class=\"elementor-widget-wrap elementor-element-populated\">\n\t\t\t\t\t\t<div class=\"elementor-element elementor-element-3980e56 elementor-widget elementor-widget-image\" data-id=\"3980e56\" data-element_type=\"widget\" data-widget_type=\"image.default\">\n\t\t\t\t<div class=\"elementor-widget-container\">\n\t\t\t\t\t\t\t\t\t\t\t\t\t\t\t<img decoding=\"async\" width=\"900\" height=\"584\" src=\"https:\/\/gumi.hu\/auto-gumi\/wp-content\/uploads\/2026\/03\/Nevtelen-terv-1024x665.png\" class=\"attachment-large size-large wp-image-18440\" alt=\"N\u00e9vtelen terv\" srcset=\"https:\/\/gumi.hu\/auto-gumi\/wp-content\/uploads\/2026\/03\/Nevtelen-terv-1024x665.png 1024w, https:\/\/gumi.hu\/auto-gumi\/wp-content\/uploads\/2026\/03\/Nevtelen-terv-300x195.png 300w, https:\/\/gumi.hu\/auto-gumi\/wp-content\/uploads\/2026\/03\/Nevtelen-terv-768x499.png 768w, https:\/\/gumi.hu\/auto-gumi\/wp-content\/uploads\/2026\/03\/Nevtelen-terv-1536x998.png 1536w, https:\/\/gumi.hu\/auto-gumi\/wp-content\/uploads\/2026\/03\/Nevtelen-terv-2048x1330.png 2048w\" sizes=\"(max-width: 900px) 100vw, 900px\" \/>\t\t\t\t\t\t\t\t\t\t\t\t\t\t\t<\/div>\n\t\t\t\t<\/div>\n\t\t\t\t\t<\/div>\n\t\t<\/div>\n\t\t\t\t\t<\/div>\n\t\t<\/section>\n\t\t\t\t\t<\/div>\n\t\t<\/div>\n\t\t\t\t\t<\/div>\n\t\t<\/section>\n\t\t\t\t<section class=\"elementor-section elementor-top-section elementor-element elementor-element-68e7b456 elementor-section-content-middle elementor-section-boxed elementor-section-height-default elementor-section-height-default\" data-id=\"68e7b456\" data-element_type=\"section\" data-settings=\"{&quot;background_background&quot;:&quot;classic&quot;}\">\n\t\t\t\t\t\t<div class=\"elementor-container elementor-column-gap-no\">\n\t\t\t\t\t<div class=\"elementor-column elementor-col-100 elementor-top-column elementor-element elementor-element-72ae0c6a\" data-id=\"72ae0c6a\" data-element_type=\"column\">\n\t\t\t<div class=\"elementor-widget-wrap elementor-element-populated\">\n\t\t\t\t\t\t<div class=\"elementor-element elementor-element-2cac5b37 elementor-widget elementor-widget-heading\" data-id=\"2cac5b37\" data-element_type=\"widget\" data-widget_type=\"heading.default\">\n\t\t\t\t<div class=\"elementor-widget-container\">\n\t\t\t\t\t<h2 class=\"elementor-heading-title elementor-size-default\">Hogyan lehet \u00d6n\u00e9 a strandt\u00f6r\u00f6lk\u00f6z\u0151?<\/h2>\t\t\t\t<\/div>\n\t\t\t\t<\/div>\n\t\t\t\t<div class=\"elementor-element elementor-element-7f5d5786 elementor-widget elementor-widget-text-editor\" data-id=\"7f5d5786\" data-element_type=\"widget\" data-widget_type=\"text-editor.default\">\n\t\t\t\t<div class=\"elementor-widget-container\">\n\t\t\t\t\t\t\t\t\t<p>1.<b> <\/b>V\u00e1s\u00e1roljon <b>online a gumi.hu<\/b>-n&nbsp;<b>4 db Kumho ny\u00e1ri<\/b><span style=\"color: var( --e-global-color-53a31816 );\"><b>&nbsp;vagy n\u00e9gy\u00e9vszakos gumiabroncsot<\/b>&nbsp;<\/span><span style=\"color: var( --e-global-color-53a31816 );\">(<\/span><span style=\"color: var( --e-global-color-53a31816 );\">17 coll vagy afelett)<b>.<\/b><\/span><\/p>\n<p><span style=\"color: var( --e-global-color-53a31816 );\">2. <b>Szereltesse fel<\/b>&nbsp;orsz\u00e1gos szervizh\u00e1l\u00f3zatunkban.<\/span><\/p>\n<p><span style=\"color: var( --e-global-color-53a31816 );\"><b>Amennyiben az AKH saj\u00e1t szervizeiben szerelteti fel \u00faj Kumho abroncsait, fizet\u00e9sn\u00e9l k\u00e9rje a t\u00f6r\u00f6lk\u00f6z\u0151t a pultban. Amennyiben orsz\u00e1gos h\u00e1l\u00f3zatunk partnereinek egyik\u00e9n\u00e9l szereltet, a sz\u00e1ml\u00e1z\u00e1skor megadott c\u00edmre fogjuk elk\u00fcldeni a t\u00f6r\u00f6lk\u00f6z\u0151t.<\/b><\/span><\/p>\n<p>Prom\u00f3ci\u00f3 id\u0151tartama:<b>&nbsp;2026. \u00e1prilis 1. &#8211; 2026. m\u00e1jus 15. vagy a k\u00e9szlet erej\u00e9ig.<\/b><\/p>\n<p>Az AKH k\u00f6zvet\u00edt\u0151k\u00e9nt vesz r\u00e9szt a prom\u00f3ci\u00f3ban, a prom\u00f3ci\u00f3s term\u00e9keket a Kumho biztos\u00edtja.<\/p>\t\t\t\t\t\t\t\t<\/div>\n\t\t\t\t<\/div>\n\t\t\t\t<div class=\"elementor-element elementor-element-2900f872 elementor-widget-divider--view-line elementor-widget elementor-widget-divider\" data-id=\"2900f872\" data-element_type=\"widget\" data-widget_type=\"divider.default\">\n\t\t\t\t<div class=\"elementor-widget-container\">\n\t\t\t\t\t\t\t<div class=\"elementor-divider\">\n\t\t\t<span class=\"elementor-divider-separator\">\n\t\t\t\t\t\t<\/span>\n\t\t<\/div>\n\t\t\t\t\t\t<\/div>\n\t\t\t\t<\/div>\n\t\t\t\t<div class=\"elementor-element elementor-element-42ab1e4b elementor-widget elementor-widget-text-editor\" data-id=\"42ab1e4b\" data-element_type=\"widget\" data-widget_type=\"text-editor.default\">\n\t\t\t\t<div class=\"elementor-widget-container\">\n\t\t\t\t\t\t\t\t\t<p>\u00a9 gumi.hu. Minden jog fenntartva!<\/p>\t\t\t\t\t\t\t\t<\/div>\n\t\t\t\t<\/div>\n\t\t\t\t\t<\/div>\n\t\t<\/div>\n\t\t\t\t\t<\/div>\n\t\t<\/section>\n\t\t\t\t<\/div>\n\t\t","protected":false},"excerpt":{"rendered":"<p>KUMHO abroncsai mell\u00e9 megadjuk a strandhangulatot! V\u00e1s\u00e1roljon 4 db ny\u00e1ri vagy n\u00e9gy\u00e9vszakos Kumho abroncsot 17 coll vagy nagyobb m\u00e9retben a gumi.hu web\u00e1ruh\u00e1zban. Amennyiben orsz\u00e1gos szervizh\u00e1l\u00f3zatunkban szerel\u00e9si szolg\u00e1ltat\u00e1st is v\u00e1laszt \u00faj abroncsai mell\u00e9, meglepj\u00fck egy egyedi Kumho strandt\u00f6r\u00f6lk\u00f6z\u0151vel! Kumho ny\u00e1ri gumi Kumho n\u00e9gy\u00e9vszakos gumi Egy t\u00f6r\u00fclk\u00f6z\u0151. Ezer ny\u00e1ri pillanat. Ak\u00e1r a strandon, a szabadt\u00e9ri medenc\u00e9n\u00e9l vagy &#8230; <a title=\"kumho 2026 ny\u00e1r\" class=\"read-more\" href=\"https:\/\/gumi.hu\/auto-gumi\/kumho-2026-nyar\/\" aria-label=\"Read more about kumho 2026 ny\u00e1r\">Olvass tov\u00e1bb<\/a><\/p>\n","protected":false},"author":21,"featured_media":0,"parent":0,"menu_order":0,"comment_status":"closed","ping_status":"closed","template":"elementor_canvas","meta":{"footnotes":""},"class_list":["post-18415","page","type-page","status-publish"],"yoast_head":"<!-- This site is optimized with the Yoast SEO plugin v26.7 - https:\/\/yoast.com\/wordpress\/plugins\/seo\/ -->\n<title>kumho 2026 ny\u00e1r - Gumi.hu<\/title>\n<meta name=\"robots\" content=\"index, follow, max-snippet:-1, max-image-preview:large, max-video-preview:-1\" \/>\n<link rel=\"canonical\" href=\"https:\/\/gumi.hu\/auto-gumi\/kumho-2026-nyar\/\" \/>\n<meta property=\"og:locale\" content=\"hu_HU\" \/>\n<meta property=\"og:type\" content=\"article\" \/>\n<meta property=\"og:title\" content=\"kumho 2026 ny\u00e1r - Gumi.hu\" \/>\n<meta property=\"og:description\" content=\"KUMHO abroncsai mell\u00e9 megadjuk a strandhangulatot! V\u00e1s\u00e1roljon 4 db ny\u00e1ri vagy n\u00e9gy\u00e9vszakos Kumho abroncsot 17 coll vagy nagyobb m\u00e9retben a gumi.hu web\u00e1ruh\u00e1zban. Amennyiben orsz\u00e1gos szervizh\u00e1l\u00f3zatunkban szerel\u00e9si szolg\u00e1ltat\u00e1st is v\u00e1laszt \u00faj abroncsai mell\u00e9, meglepj\u00fck egy egyedi Kumho strandt\u00f6r\u00f6lk\u00f6z\u0151vel! Kumho ny\u00e1ri gumi Kumho n\u00e9gy\u00e9vszakos gumi Egy t\u00f6r\u00fclk\u00f6z\u0151. Ezer ny\u00e1ri pillanat. Ak\u00e1r a strandon, a szabadt\u00e9ri medenc\u00e9n\u00e9l vagy ... Olvass tov\u00e1bb\" \/>\n<meta property=\"og:url\" content=\"https:\/\/gumi.hu\/auto-gumi\/kumho-2026-nyar\/\" \/>\n<meta property=\"og:site_name\" content=\"Gumi.hu\" \/>\n<meta property=\"article:publisher\" content=\"https:\/\/www.facebook.com\/akhautoszerviz\/\" \/>\n<meta property=\"article:modified_time\" content=\"2026-03-18T10:32:53+00:00\" \/>\n<meta property=\"og:image\" content=\"https:\/\/gumi.hu\/auto-gumi\/wp-content\/uploads\/2024\/04\/KUMHO-TIRE_CI_B_auf-rot.jpg\" \/>\n\t<meta property=\"og:image:width\" content=\"1418\" \/>\n\t<meta property=\"og:image:height\" content=\"533\" \/>\n\t<meta property=\"og:image:type\" content=\"image\/jpeg\" \/>\n<meta name=\"twitter:card\" content=\"summary_large_image\" \/>\n<meta name=\"twitter:label1\" content=\"Becs\u00fclt olvas\u00e1si id\u0151\" \/>\n\t<meta name=\"twitter:data1\" content=\"2 perc\" \/>\n<script type=\"application\/ld+json\" class=\"yoast-schema-graph\">{\"@context\":\"https:\/\/schema.org\",\"@graph\":[{\"@type\":\"WebPage\",\"@id\":\"https:\/\/gumi.hu\/auto-gumi\/kumho-2026-nyar\/\",\"url\":\"https:\/\/gumi.hu\/auto-gumi\/kumho-2026-nyar\/\",\"name\":\"kumho 2026 ny\u00e1r - Gumi.hu\",\"isPartOf\":{\"@id\":\"https:\/\/gumi.hu\/auto-gumi\/#website\"},\"primaryImageOfPage\":{\"@id\":\"https:\/\/gumi.hu\/auto-gumi\/kumho-2026-nyar\/#primaryimage\"},\"image\":{\"@id\":\"https:\/\/gumi.hu\/auto-gumi\/kumho-2026-nyar\/#primaryimage\"},\"thumbnailUrl\":\"https:\/\/gumi.hu\/auto-gumi\/wp-content\/uploads\/2024\/04\/KUMHO-TIRE_CI_B_auf-rot-1024x385.jpg\",\"datePublished\":\"2026-03-12T14:14:21+00:00\",\"dateModified\":\"2026-03-18T10:32:53+00:00\",\"breadcrumb\":{\"@id\":\"https:\/\/gumi.hu\/auto-gumi\/kumho-2026-nyar\/#breadcrumb\"},\"inLanguage\":\"hu\",\"potentialAction\":[{\"@type\":\"ReadAction\",\"target\":[\"https:\/\/gumi.hu\/auto-gumi\/kumho-2026-nyar\/\"]}]},{\"@type\":\"ImageObject\",\"inLanguage\":\"hu\",\"@id\":\"https:\/\/gumi.hu\/auto-gumi\/kumho-2026-nyar\/#primaryimage\",\"url\":\"https:\/\/gumi.hu\/auto-gumi\/wp-content\/uploads\/2024\/04\/KUMHO-TIRE_CI_B_auf-rot.jpg\",\"contentUrl\":\"https:\/\/gumi.hu\/auto-gumi\/wp-content\/uploads\/2024\/04\/KUMHO-TIRE_CI_B_auf-rot.jpg\",\"width\":1418,\"height\":533},{\"@type\":\"BreadcrumbList\",\"@id\":\"https:\/\/gumi.hu\/auto-gumi\/kumho-2026-nyar\/#breadcrumb\",\"itemListElement\":[{\"@type\":\"ListItem\",\"position\":1,\"name\":\"Kezd\u0151lap\",\"item\":\"https:\/\/gumi.hu\/auto-gumi\/\"},{\"@type\":\"ListItem\",\"position\":2,\"name\":\"kumho 2026 ny\u00e1r\"}]},{\"@type\":\"WebSite\",\"@id\":\"https:\/\/gumi.hu\/auto-gumi\/#website\",\"url\":\"https:\/\/gumi.hu\/auto-gumi\/\",\"name\":\"Gumi.hu\",\"description\":\"\",\"publisher\":{\"@id\":\"https:\/\/gumi.hu\/auto-gumi\/#organization\"},\"potentialAction\":[{\"@type\":\"SearchAction\",\"target\":{\"@type\":\"EntryPoint\",\"urlTemplate\":\"https:\/\/gumi.hu\/auto-gumi\/?s={search_term_string}\"},\"query-input\":{\"@type\":\"PropertyValueSpecification\",\"valueRequired\":true,\"valueName\":\"search_term_string\"}}],\"inLanguage\":\"hu\"},{\"@type\":\"Organization\",\"@id\":\"https:\/\/gumi.hu\/auto-gumi\/#organization\",\"name\":\"Gumi.hu\",\"url\":\"https:\/\/gumi.hu\/auto-gumi\/\",\"logo\":{\"@type\":\"ImageObject\",\"inLanguage\":\"hu\",\"@id\":\"https:\/\/gumi.hu\/auto-gumi\/#\/schema\/logo\/image\/\",\"url\":\"https:\/\/gumi.hu\/auto-gumi\/wp-content\/uploads\/2021\/12\/cropped-gumi.hulogo.png\",\"contentUrl\":\"https:\/\/gumi.hu\/auto-gumi\/wp-content\/uploads\/2021\/12\/cropped-gumi.hulogo.png\",\"width\":597,\"height\":256,\"caption\":\"Gumi.hu\"},\"image\":{\"@id\":\"https:\/\/gumi.hu\/auto-gumi\/#\/schema\/logo\/image\/\"},\"sameAs\":[\"https:\/\/www.facebook.com\/akhautoszerviz\/\",\"https:\/\/www.instagram.com\/gumi.hu_poweredbyakh\/\",\"https:\/\/www.youtube.com\/channel\/UCyYJ0QGG6gLMXAADVRYY6_w\"]}]}<\/script>\n<!-- \/ Yoast SEO plugin. -->","yoast_head_json":{"title":"kumho 2026 ny\u00e1r - Gumi.hu","robots":{"index":"index","follow":"follow","max-snippet":"max-snippet:-1","max-image-preview":"max-image-preview:large","max-video-preview":"max-video-preview:-1"},"canonical":"https:\/\/gumi.hu\/auto-gumi\/kumho-2026-nyar\/","og_locale":"hu_HU","og_type":"article","og_title":"kumho 2026 ny\u00e1r - Gumi.hu","og_description":"KUMHO abroncsai mell\u00e9 megadjuk a strandhangulatot! V\u00e1s\u00e1roljon 4 db ny\u00e1ri vagy n\u00e9gy\u00e9vszakos Kumho abroncsot 17 coll vagy nagyobb m\u00e9retben a gumi.hu web\u00e1ruh\u00e1zban. Amennyiben orsz\u00e1gos szervizh\u00e1l\u00f3zatunkban szerel\u00e9si szolg\u00e1ltat\u00e1st is v\u00e1laszt \u00faj abroncsai mell\u00e9, meglepj\u00fck egy egyedi Kumho strandt\u00f6r\u00f6lk\u00f6z\u0151vel! Kumho ny\u00e1ri gumi Kumho n\u00e9gy\u00e9vszakos gumi Egy t\u00f6r\u00fclk\u00f6z\u0151. Ezer ny\u00e1ri pillanat. Ak\u00e1r a strandon, a szabadt\u00e9ri medenc\u00e9n\u00e9l vagy ... Olvass tov\u00e1bb","og_url":"https:\/\/gumi.hu\/auto-gumi\/kumho-2026-nyar\/","og_site_name":"Gumi.hu","article_publisher":"https:\/\/www.facebook.com\/akhautoszerviz\/","article_modified_time":"2026-03-18T10:32:53+00:00","og_image":[{"width":1418,"height":533,"url":"https:\/\/gumi.hu\/auto-gumi\/wp-content\/uploads\/2024\/04\/KUMHO-TIRE_CI_B_auf-rot.jpg","type":"image\/jpeg"}],"twitter_card":"summary_large_image","twitter_misc":{"Becs\u00fclt olvas\u00e1si id\u0151":"2 perc"},"schema":{"@context":"https:\/\/schema.org","@graph":[{"@type":"WebPage","@id":"https:\/\/gumi.hu\/auto-gumi\/kumho-2026-nyar\/","url":"https:\/\/gumi.hu\/auto-gumi\/kumho-2026-nyar\/","name":"kumho 2026 ny\u00e1r - Gumi.hu","isPartOf":{"@id":"https:\/\/gumi.hu\/auto-gumi\/#website"},"primaryImageOfPage":{"@id":"https:\/\/gumi.hu\/auto-gumi\/kumho-2026-nyar\/#primaryimage"},"image":{"@id":"https:\/\/gumi.hu\/auto-gumi\/kumho-2026-nyar\/#primaryimage"},"thumbnailUrl":"https:\/\/gumi.hu\/auto-gumi\/wp-content\/uploads\/2024\/04\/KUMHO-TIRE_CI_B_auf-rot-1024x385.jpg","datePublished":"2026-03-12T14:14:21+00:00","dateModified":"2026-03-18T10:32:53+00:00","breadcrumb":{"@id":"https:\/\/gumi.hu\/auto-gumi\/kumho-2026-nyar\/#breadcrumb"},"inLanguage":"hu","potentialAction":[{"@type":"ReadAction","target":["https:\/\/gumi.hu\/auto-gumi\/kumho-2026-nyar\/"]}]},{"@type":"ImageObject","inLanguage":"hu","@id":"https:\/\/gumi.hu\/auto-gumi\/kumho-2026-nyar\/#primaryimage","url":"https:\/\/gumi.hu\/auto-gumi\/wp-content\/uploads\/2024\/04\/KUMHO-TIRE_CI_B_auf-rot.jpg","contentUrl":"https:\/\/gumi.hu\/auto-gumi\/wp-content\/uploads\/2024\/04\/KUMHO-TIRE_CI_B_auf-rot.jpg","width":1418,"height":533},{"@type":"BreadcrumbList","@id":"https:\/\/gumi.hu\/auto-gumi\/kumho-2026-nyar\/#breadcrumb","itemListElement":[{"@type":"ListItem","position":1,"name":"Kezd\u0151lap","item":"https:\/\/gumi.hu\/auto-gumi\/"},{"@type":"ListItem","position":2,"name":"kumho 2026 ny\u00e1r"}]},{"@type":"WebSite","@id":"https:\/\/gumi.hu\/auto-gumi\/#website","url":"https:\/\/gumi.hu\/auto-gumi\/","name":"Gumi.hu","description":"","publisher":{"@id":"https:\/\/gumi.hu\/auto-gumi\/#organization"},"potentialAction":[{"@type":"SearchAction","target":{"@type":"EntryPoint","urlTemplate":"https:\/\/gumi.hu\/auto-gumi\/?s={search_term_string}"},"query-input":{"@type":"PropertyValueSpecification","valueRequired":true,"valueName":"search_term_string"}}],"inLanguage":"hu"},{"@type":"Organization","@id":"https:\/\/gumi.hu\/auto-gumi\/#organization","name":"Gumi.hu","url":"https:\/\/gumi.hu\/auto-gumi\/","logo":{"@type":"ImageObject","inLanguage":"hu","@id":"https:\/\/gumi.hu\/auto-gumi\/#\/schema\/logo\/image\/","url":"https:\/\/gumi.hu\/auto-gumi\/wp-content\/uploads\/2021\/12\/cropped-gumi.hulogo.png","contentUrl":"https:\/\/gumi.hu\/auto-gumi\/wp-content\/uploads\/2021\/12\/cropped-gumi.hulogo.png","width":597,"height":256,"caption":"Gumi.hu"},"image":{"@id":"https:\/\/gumi.hu\/auto-gumi\/#\/schema\/logo\/image\/"},"sameAs":["https:\/\/www.facebook.com\/akhautoszerviz\/","https:\/\/www.instagram.com\/gumi.hu_poweredbyakh\/","https:\/\/www.youtube.com\/channel\/UCyYJ0QGG6gLMXAADVRYY6_w"]}]}},"_links":{"self":[{"href":"https:\/\/gumi.hu\/auto-gumi\/wp-json\/wp\/v2\/pages\/18415","targetHints":{"allow":["GET"]}}],"collection":[{"href":"https:\/\/gumi.hu\/auto-gumi\/wp-json\/wp\/v2\/pages"}],"about":[{"href":"https:\/\/gumi.hu\/auto-gumi\/wp-json\/wp\/v2\/types\/page"}],"author":[{"embeddable":true,"href":"https:\/\/gumi.hu\/auto-gumi\/wp-json\/wp\/v2\/users\/21"}],"replies":[{"embeddable":true,"href":"https:\/\/gumi.hu\/auto-gumi\/wp-json\/wp\/v2\/comments?post=18415"}],"version-history":[{"count":49,"href":"https:\/\/gumi.hu\/auto-gumi\/wp-json\/wp\/v2\/pages\/18415\/revisions"}],"predecessor-version":[{"id":18512,"href":"https:\/\/gumi.hu\/auto-gumi\/wp-json\/wp\/v2\/pages\/18415\/revisions\/18512"}],"wp:attachment":[{"href":"https:\/\/gumi.hu\/auto-gumi\/wp-json\/wp\/v2\/media?parent=18415"}],"curies":[{"name":"wp","href":"https:\/\/api.w.org\/{rel}","templated":true}]}}